{"id":2205,"date":"2016-02-05T04:55:35","date_gmt":"2016-02-05T04:55:35","guid":{"rendered":"https:\/\/motors.stylemixthemes.com\/demo\/\/?page_id=12"},"modified":"2025-12-17T17:35:12","modified_gmt":"2025-12-17T16:35:12","slug":"home-page-2","status":"publish","type":"page","link":"https:\/\/www.ofertadecoches.com\/segunda-mano\/","title":{"rendered":"Home page"},"content":{"rendered":"<p>[vc_row css=&#8221;.vc_custom_1657739087560{margin-top: 30px !important;}&#8221;][vc_column][vc_column_text]<\/p>\n<p style=\"text-align: center;\">Descubre todos los veh\u00edculos de <strong>segunda mano<\/strong>, <strong>km0<\/strong> y de <strong>ocasi\u00f3n<\/strong> que tenemos para ti. Con el fin de ofrecerte la mejor experiencia de b\u00fasqueda, selecci\u00f3n y compra, en OfertadeCoches.com te acompa\u00f1amos a lo largo de todo el proceso en la elecci\u00f3n de tu nuevo veh\u00edculo. Te asesoramos y ayudamos a encontrar el veh\u00edculo que m\u00e1s se ajusta a tus necesidades. \u00bfEmpezamos?<\/p>\n<p>[\/vc_column_text][vc_row_inner][vc_column_inner width=&#8221;1\/3&#8243;][vc_single_image image=&#8221;6238&#8243; img_size=&#8221;125&#215;125&#8243; alignment=&#8221;center&#8221;][vc_column_text]<\/p>\n<p style=\"text-align: center;\"><strong>Elige el coche que te gusta<\/strong><\/p>\n<p style=\"text-align: center;\">Filtra por marca, modelo, color, acabados y motor.<\/p>\n<p>[\/vc_column_text][\/vc_column_inner][vc_column_inner width=&#8221;1\/3&#8243;][vc_single_image image=&#8221;6240&#8243; img_size=&#8221;125&#215;125&#8243; alignment=&#8221;center&#8221;][vc_column_text]<\/p>\n<p style=\"text-align: center;\"><strong>Recibe atenci\u00f3n personalizada<\/strong><\/p>\n<p style=\"text-align: center;\">Resolvemos tus dudas y te proporcionamos las mejores ofertas de segunda mano, km0 y ocasi\u00f3n.<\/p>\n<p>[\/vc_column_text][\/vc_column_inner][vc_column_inner width=&#8221;1\/3&#8243;][vc_single_image image=&#8221;6241&#8243; img_size=&#8221;125&#215;125&#8243; alignment=&#8221;center&#8221;][vc_column_text]<\/p>\n<p style=\"text-align: center;\"><strong>Estrena coche Ahorrando<\/strong><\/p>\n<p style=\"text-align: center;\">Ahorras tiempo y dinero, buscamos por ti y consigues el mejor precio.<\/p>\n<p>[\/vc_column_text][\/vc_column_inner][\/vc_row_inner][\/vc_column][\/vc_row][vc_row][vc_column][vc_raw_html]JTVCbGF6eWVsZW1lbnQlMjBpZCUzRCUyMjYyNDUlMjIlNUQ=[\/vc_raw_html][\/vc_column][\/vc_row][vc_row disable_element=&#8221;yes&#8221; el_class=&#8221;marcas&#8221;][vc_column][vc_column_text]<\/p>\n<p style=\"text-align: center;\">Ofertas de coches de <strong>segunda mano por marca<\/strong><\/p>\n<p>[\/vc_column_text][vc_row_inner el_class=&#8221;marcas&#8221;][vc_column_inner width=&#8221;1\/6&#8243;][vc_single_image image=&#8221;6253&#8243; img_size=&#8221;full&#8221; onclick=&#8221;custom_link&#8221; link=&#8221;https:\/\/www.ofertadecoches.com\/segunda-mano\/audi\/&#8221;][vc_column_text]Audi[\/vc_column_text][\/vc_column_inner][vc_column_inner width=&#8221;1\/6&#8243;][vc_single_image image=&#8221;6255&#8243; img_size=&#8221;full&#8221; onclick=&#8221;custom_link&#8221; img_link_target=&#8221;_blank&#8221; link=&#8221;https:\/\/www.ofertadecoches.com\/segunda-mano\/bmw\/&#8221;][vc_column_text]<a href=\"https:\/\/www.ofertadecoches.com\/segunda-mano\/bmw\/\" target=\"_blank\" rel=\"noopener\">BMW<\/a>[\/vc_column_text][\/vc_column_inner][vc_column_inner width=&#8221;1\/6&#8243;][vc_single_image image=&#8221;216137&#8243; img_size=&#8221;full&#8221; onclick=&#8221;custom_link&#8221; link=&#8221;https:\/\/www.ofertadecoches.com\/segunda-mano\/citroen\/&#8221;][vc_column_text]Citr\u00f6en[\/vc_column_text][\/vc_column_inner][vc_column_inner width=&#8221;1\/6&#8243;][vc_single_image image=&#8221;6261&#8243; img_size=&#8221;full&#8221; onclick=&#8221;custom_link&#8221; link=&#8221;https:\/\/www.ofertadecoches.com\/segunda-mano\/dacia\/&#8221;][vc_column_text]Dacia[\/vc_column_text][\/vc_column_inner][vc_column_inner width=&#8221;1\/6&#8243;][vc_single_image image=&#8221;6266&#8243; img_size=&#8221;full&#8221; onclick=&#8221;custom_link&#8221; img_link_target=&#8221;_blank&#8221; link=&#8221;https:\/\/www.ofertadecoches.com\/segunda-mano\/fiat\/&#8221;][vc_column_text]<a href=\"https:\/\/www.ofertadecoches.com\/segunda-mano\/fiat\/\" target=\"_blank\" rel=\"noopener\">Fiat<\/a>[\/vc_column_text][\/vc_column_inner][vc_column_inner width=&#8221;1\/6&#8243;][vc_single_image image=&#8221;6267&#8243; img_size=&#8221;full&#8221; onclick=&#8221;custom_link&#8221; link=&#8221;https:\/\/www.ofertadecoches.com\/segunda-mano\/ford\/&#8221;][vc_column_text]Ford[\/vc_column_text][\/vc_column_inner][\/vc_row_inner][vc_row_inner][vc_column_inner width=&#8221;1\/6&#8243;][vc_single_image image=&#8221;6269&#8243; img_size=&#8221;full&#8221; onclick=&#8221;custom_link&#8221; link=&#8221;https:\/\/www.ofertadecoches.com\/segunda-mano\/hyundai\/&#8221;][vc_column_text]Hyundai[\/vc_column_text][\/vc_column_inner][vc_column_inner width=&#8221;1\/6&#8243;][vc_single_image image=&#8221;6274&#8243; img_size=&#8221;full&#8221; onclick=&#8221;custom_link&#8221; link=&#8221;https:\/\/www.ofertadecoches.com\/segunda-mano\/kia\/&#8221;][vc_column_text]Kia[\/vc_column_text][\/vc_column_inner][vc_column_inner width=&#8221;1\/6&#8243;][vc_single_image image=&#8221;6281&#8243; img_size=&#8221;full&#8221; onclick=&#8221;custom_link&#8221; link=&#8221;https:\/\/www.ofertadecoches.com\/segunda-mano\/mercedes\/&#8221;][vc_column_text]<a href=\"https:\/\/www.ofertadecoches.com\/segunda-mano\/mercedes\/\">Mercedes<\/a>[\/vc_column_text][\/vc_column_inner][vc_column_inner width=&#8221;1\/6&#8243;][vc_single_image image=&#8221;6286&#8243; img_size=&#8221;full&#8221; onclick=&#8221;custom_link&#8221; link=&#8221;https:\/\/www.ofertadecoches.com\/segunda-mano\/nissan\/&#8221;][vc_column_text]Nissan[\/vc_column_text][\/vc_column_inner][vc_column_inner width=&#8221;1\/6&#8243;][vc_single_image image=&#8221;6287&#8243; img_size=&#8221;full&#8221; onclick=&#8221;custom_link&#8221; link=&#8221;https:\/\/www.ofertadecoches.com\/segunda-mano\/opel\/&#8221;][vc_column_text]Opel[\/vc_column_text][\/vc_column_inner][vc_column_inner width=&#8221;1\/6&#8243;][vc_single_image image=&#8221;6288&#8243; img_size=&#8221;full&#8221; onclick=&#8221;custom_link&#8221; link=&#8221;https:\/\/www.ofertadecoches.com\/segunda-mano\/peugeot\/&#8221;][vc_column_text]Peugeot[\/vc_column_text][\/vc_column_inner][\/vc_row_inner][vc_row_inner][vc_column_inner width=&#8221;1\/6&#8243;][vc_single_image image=&#8221;6290&#8243; img_size=&#8221;full&#8221; onclick=&#8221;custom_link&#8221; link=&#8221;https:\/\/www.ofertadecoches.com\/segunda-mano\/renault\/&#8221;][vc_column_text]Renault[\/vc_column_text][\/vc_column_inner][vc_column_inner width=&#8221;1\/6&#8243;][vc_single_image image=&#8221;6291&#8243; img_size=&#8221;full&#8221; onclick=&#8221;custom_link&#8221; link=&#8221;https:\/\/www.ofertadecoches.com\/segunda-mano\/seat\/&#8221;][vc_column_text]Seat[\/vc_column_text][\/vc_column_inner][vc_column_inner width=&#8221;1\/6&#8243;][vc_single_image image=&#8221;6298&#8243; img_size=&#8221;full&#8221; onclick=&#8221;custom_link&#8221; link=&#8221;https:\/\/www.ofertadecoches.com\/segunda-mano\/toyota\/&#8221;][vc_column_text]Toyota[\/vc_column_text][\/vc_column_inner][vc_column_inner width=&#8221;1\/6&#8243;][vc_single_image image=&#8221;6299&#8243; img_size=&#8221;full&#8221; onclick=&#8221;custom_link&#8221; link=&#8221;https:\/\/www.ofertadecoches.com\/segunda-mano\/volkswagen\/&#8221;][vc_column_text]Volkswagen[\/vc_column_text][\/vc_column_inner][vc_column_inner width=&#8221;1\/6&#8243;][vc_single_image image=&#8221;6249&#8243; img_size=&#8221;full&#8221;][vc_column_text]Abarth[\/vc_column_text][\/vc_column_inner][vc_column_inner width=&#8221;1\/6&#8243;][vc_single_image image=&#8221;6250&#8243; img_size=&#8221;full&#8221; onclick=&#8221;custom_link&#8221; img_link_target=&#8221;_blank&#8221; link=&#8221;https:\/\/www.ofertadecoches.com\/segunda-mano\/alfa-romeo\/&#8221;][vc_column_text]<a href=\"https:\/\/www.ofertadecoches.com\/segunda-mano\/alfa-romeo\/\" target=\"_blank\" rel=\"noopener\">Alfa Romeo<\/a>[\/vc_column_text][\/vc_column_inner][\/vc_row_inner][vc_row_inner][vc_column_inner width=&#8221;1\/6&#8243;][vc_single_image image=&#8221;6251&#8243; img_size=&#8221;full&#8221;][vc_column_text]Alpine[\/vc_column_text][\/vc_column_inner][vc_column_inner width=&#8221;1\/6&#8243;][vc_single_image image=&#8221;6252&#8243; img_size=&#8221;full&#8221;][vc_column_text]Aston Martin[\/vc_column_text][\/vc_column_inner][vc_column_inner width=&#8221;1\/6&#8243;][vc_single_image image=&#8221;6254&#8243; img_size=&#8221;full&#8221;][vc_column_text]Bentley[\/vc_column_text][\/vc_column_inner][vc_column_inner width=&#8221;1\/6&#8243;][vc_single_image image=&#8221;6256&#8243; img_size=&#8221;full&#8221;][vc_column_text]Bugatti[\/vc_column_text][\/vc_column_inner][vc_column_inner width=&#8221;1\/6&#8243;][vc_single_image image=&#8221;6257&#8243; img_size=&#8221;full&#8221;][vc_column_text]BYD[\/vc_column_text][\/vc_column_inner][vc_column_inner width=&#8221;1\/6&#8243;][vc_single_image image=&#8221;6258&#8243; img_size=&#8221;full&#8221;][vc_column_text]Caterham[\/vc_column_text][\/vc_column_inner][\/vc_row_inner][vc_row_inner][vc_column_inner width=&#8221;1\/6&#8243;][vc_single_image image=&#8221;6260&#8243; img_size=&#8221;full&#8221; onclick=&#8221;custom_link&#8221; img_link_target=&#8221;_blank&#8221; link=&#8221;https:\/\/www.ofertadecoches.com\/segunda-mano\/cupra\/&#8221;][vc_column_text]<a href=\"https:\/\/www.ofertadecoches.com\/segunda-mano\/cupra\/\" target=\"_blank\" rel=\"noopener\">Cupra<\/a>[\/vc_column_text][\/vc_column_inner][vc_column_inner width=&#8221;1\/6&#8243;][vc_single_image image=&#8221;6262&#8243; img_size=&#8221;full&#8221;][vc_column_text]DFSK[\/vc_column_text][\/vc_column_inner][vc_column_inner width=&#8221;1\/6&#8243;][vc_single_image image=&#8221;6263&#8243; img_size=&#8221;full&#8221;][vc_column_text]DR[\/vc_column_text][\/vc_column_inner][vc_column_inner width=&#8221;1\/6&#8243;][vc_single_image image=&#8221;6264&#8243; img_size=&#8221;full&#8221;][vc_column_text]DS[\/vc_column_text][\/vc_column_inner][vc_column_inner width=&#8221;1\/6&#8243;][vc_single_image image=&#8221;6265&#8243; img_size=&#8221;full&#8221;][vc_column_text]Ferrari[\/vc_column_text][\/vc_column_inner][vc_column_inner width=&#8221;1\/6&#8243;][vc_single_image image=&#8221;6268&#8243; img_size=&#8221;full&#8221; onclick=&#8221;custom_link&#8221; link=&#8221;https:\/\/www.ofertadecoches.com\/segunda-mano\/honda\/&#8221;][vc_column_text]Honda[\/vc_column_text][\/vc_column_inner][\/vc_row_inner][vc_row_inner][vc_column_inner width=&#8221;1\/6&#8243;][vc_single_image image=&#8221;6270&#8243; img_size=&#8221;full&#8221;][vc_column_text]Isuzu[\/vc_column_text][\/vc_column_inner][vc_column_inner width=&#8221;1\/6&#8243;][vc_single_image image=&#8221;6271&#8243; img_size=&#8221;full&#8221;][vc_column_text]Iveco[\/vc_column_text][\/vc_column_inner][vc_column_inner width=&#8221;1\/6&#8243;][vc_single_image image=&#8221;6272&#8243; img_size=&#8221;full&#8221; onclick=&#8221;custom_link&#8221; link=&#8221;https:\/\/www.ofertadecoches.com\/segunda-mano\/jaguar\/&#8221;][vc_column_text]Jaguar[\/vc_column_text][\/vc_column_inner][vc_column_inner width=&#8221;1\/6&#8243;][vc_single_image image=&#8221;6273&#8243; img_size=&#8221;full&#8221; onclick=&#8221;custom_link&#8221; link=&#8221;https:\/\/www.ofertadecoches.com\/segunda-mano\/jeep\/&#8221;][vc_column_text]Jeep[\/vc_column_text][\/vc_column_inner][vc_column_inner width=&#8221;1\/6&#8243;][vc_single_image image=&#8221;6275&#8243; img_size=&#8221;full&#8221;][vc_column_text]Koenigsegg[\/vc_column_text][\/vc_column_inner][vc_column_inner width=&#8221;1\/6&#8243;][vc_single_image image=&#8221;6276&#8243; img_size=&#8221;full&#8221;][vc_column_text]Lamborghini[\/vc_column_text][\/vc_column_inner][\/vc_row_inner][vc_row_inner][vc_column_inner width=&#8221;1\/6&#8243;][vc_single_image image=&#8221;6277&#8243; img_size=&#8221;full&#8221; onclick=&#8221;custom_link&#8221; link=&#8221;https:\/\/www.ofertadecoches.com\/segunda-mano\/land-rover\/&#8221;][vc_column_text]Land Rover[\/vc_column_text][\/vc_column_inner][vc_column_inner width=&#8221;1\/6&#8243;][vc_single_image image=&#8221;6278&#8243; img_size=&#8221;full&#8221; onclick=&#8221;custom_link&#8221; link=&#8221;https:\/\/www.ofertadecoches.com\/segunda-mano\/lexus\/&#8221;][vc_column_text]Lexus[\/vc_column_text][\/vc_column_inner][vc_column_inner width=&#8221;1\/6&#8243;][vc_single_image image=&#8221;6279&#8243; img_size=&#8221;full&#8221;][vc_column_text]Maserati[\/vc_column_text][\/vc_column_inner][vc_column_inner width=&#8221;1\/6&#8243;][vc_single_image image=&#8221;6280&#8243; img_size=&#8221;full&#8221; onclick=&#8221;custom_link&#8221; link=&#8221;https:\/\/www.ofertadecoches.com\/segunda-mano\/mazda\/&#8221;][vc_column_text]Mazda[\/vc_column_text][\/vc_column_inner][vc_column_inner width=&#8221;1\/6&#8243;][vc_single_image image=&#8221;6282&#8243; img_size=&#8221;full&#8221;][vc_column_text]MG[\/vc_column_text][\/vc_column_inner][vc_column_inner width=&#8221;1\/6&#8243;][vc_single_image image=&#8221;6283&#8243; img_size=&#8221;full&#8221; onclick=&#8221;custom_link&#8221; img_link_target=&#8221;_blank&#8221; link=&#8221;https:\/\/www.ofertadecoches.com\/segunda-mano\/mini\/&#8221;][vc_column_text]<a href=\"https:\/\/www.ofertadecoches.com\/segunda-mano\/mini\/\" target=\"_blank\" rel=\"noopener\">MINI<\/a>[\/vc_column_text][\/vc_column_inner][\/vc_row_inner][vc_row_inner][vc_column_inner width=&#8221;1\/6&#8243;][vc_single_image image=&#8221;6284&#8243; img_size=&#8221;full&#8221;][vc_column_text]Mitsubishi[\/vc_column_text][\/vc_column_inner][vc_column_inner width=&#8221;1\/6&#8243;][vc_single_image image=&#8221;6285&#8243; img_size=&#8221;full&#8221;][vc_column_text]Morgan[\/vc_column_text][\/vc_column_inner][vc_column_inner width=&#8221;1\/6&#8243;][vc_single_image image=&#8221;96095&#8243; img_size=&#8221;full&#8221;][vc_column_text]Polestar[\/vc_column_text][\/vc_column_inner][vc_column_inner width=&#8221;1\/6&#8243;][vc_single_image image=&#8221;6289&#8243; img_size=&#8221;full&#8221;][vc_column_text]Porsche[\/vc_column_text][\/vc_column_inner][vc_column_inner width=&#8221;1\/6&#8243;][vc_single_image image=&#8221;197699&#8243; img_size=&#8221;full&#8221; onclick=&#8221;custom_link&#8221; link=&#8221;https:\/\/www.ofertadecoches.com\/segunda-mano\/skoda\/&#8221;][vc_column_text]Skoda[\/vc_column_text][\/vc_column_inner][vc_column_inner width=&#8221;1\/6&#8243;][vc_single_image image=&#8221;6293&#8243; img_size=&#8221;full&#8221;][vc_column_text]Smart[\/vc_column_text][\/vc_column_inner][\/vc_row_inner][vc_row_inner][vc_column_inner width=&#8221;1\/6&#8243;][vc_single_image image=&#8221;6294&#8243; img_size=&#8221;full&#8221; onclick=&#8221;custom_link&#8221; link=&#8221;https:\/\/www.ofertadecoches.com\/segunda-mano\/ssangyong\/&#8221;][vc_column_text]Ssangyong[\/vc_column_text][\/vc_column_inner][vc_column_inner width=&#8221;1\/6&#8243;][vc_single_image image=&#8221;6295&#8243; img_size=&#8221;full&#8221; onclick=&#8221;custom_link&#8221; link=&#8221;https:\/\/www.ofertadecoches.com\/segunda-mano\/subaru\/&#8221;][vc_column_text]Subaru[\/vc_column_text][\/vc_column_inner][vc_column_inner width=&#8221;1\/6&#8243;][vc_single_image image=&#8221;6296&#8243; img_size=&#8221;full&#8221;][vc_column_text]Suzuki[\/vc_column_text][\/vc_column_inner][vc_column_inner width=&#8221;1\/6&#8243;][vc_single_image image=&#8221;6297&#8243; img_size=&#8221;full&#8221;][vc_column_text]Tesla[\/vc_column_text][\/vc_column_inner][vc_column_inner width=&#8221;1\/6&#8243;][vc_single_image image=&#8221;224677&#8243; img_size=&#8221;full&#8221; onclick=&#8221;custom_link&#8221; link=&#8221;https:\/\/www.ofertadecoches.com\/segunda-mano\/volvo\/&#8221;][vc_column_text]<a href=\"https:\/\/www.ofertadecoches.com\/segunda-mano\/volvo\/\">Volvo<\/a>[\/vc_column_text][\/vc_column_inner][vc_column_inner width=&#8221;1\/6&#8243;][\/vc_column_inner][\/vc_row_inner][\/vc_column][\/vc_row][vc_row][vc_column][vc_raw_html]JTVCY29jaGVzX3Bvcl9wcm92aW5jaWElNUQ=[\/vc_raw_html][\/vc_column][\/vc_row][vc_row full_width=&#8221;stretch_row_content_no_spaces&#8221; css=&#8221;.vc_custom_1670947390804{margin-top: 25px !important;}&#8221;][vc_column][vc_raw_html]JTVCbGF6eWVsZW1lbnQlMjBpZCUzRCUyMjIzNDU2JTIyJTVE[\/vc_raw_html][\/vc_column][\/vc_row][vc_row css=&#8221;.vc_custom_1657749171255{margin-top: 50px !important;}&#8221;][vc_column][vc_raw_html]JTVCbGF6eWVsZW1lbnQlMjBpZCUzRCUyMjIzNDYwJTIyJTVE[\/vc_raw_html][\/vc_column][\/vc_row][vc_row][vc_column][vc_column_text]<\/p>\n<p>[\/vc_column_text][\/vc_column][\/vc_row][vc_row el_class=&#8221;sencillez-transparencia&#8221; css=&#8221;.vc_custom_1591697635407{margin-top: 45px !important;}&#8221;][vc_column][vc_column_text]<\/p>\n<h3 style=\"text-align: center;\">La Confianza viene de serie.<\/h3>\n<p>[\/vc_column_text][vc_column_text]<\/p>\n<p style=\"text-align: center;\">Te ayudamos a encontrar <b>la mejor oferta para tu nuevo coche<\/b>.<\/p>\n<p>[\/vc_column_text][vc_column_text]<\/p>\n<p style=\"text-align: center;\"><strong>Primer paso: <\/strong>Te informamos.<br \/>\nTe mostramos toda la informaci\u00f3n de cada coche en nuestra web, adem\u00e1s cuentas con nuestros asesores especializados al tel\u00e9fono para resolver cualquier duda.<\/p>\n<p style=\"text-align: center;\"><strong>Segundo paso: <\/strong>Recibes tu oferta personalizada.<br \/>\nNuestra misi\u00f3n es filtrar y facilitarte la mejor oferta para el modelo que buscas, tu ahorro es nuestro \u00e9xito.<\/p>\n<p>[\/vc_column_text][\/vc_column][\/vc_row][vc_row full_width=&#8221;stretch_row&#8221; el_class=&#8221;cta_home_1&#8243; css=&#8221;.vc_custom_1591697851467{padding-bottom: 65px !important;}&#8221;][vc_column][vc_column_text]<\/p>\n<h2 style=\"text-align: center;\">\u00bfEmpezamos?<\/h2>\n<div style=\"text-align: center;\"><a class=\"button button-sm calculate_loan_payment dp-in\" href=\"https:\/\/www.ofertadecoches.com\/segunda-mano\/buscador\/\" target=\"_blank\" rel=\"noopener noreferrer\">Filtrar ofertas<\/a><\/div>\n<p>[\/vc_column_text][\/vc_column][\/vc_row]<\/p>\n","protected":false},"excerpt":{"rendered":"<p>[vc_row css=&#8221;.vc_custom_1657739087560{margin-top: 30px !important;}&#8221;][vc_column][vc_column_text] Descubre todos los veh\u00edculos de segunda mano, km0 y de ocasi\u00f3n que tenemos para ti. Con el fin de ofrecerte la mejor experiencia de b\u00fasqueda, selecci\u00f3n y compra, en OfertadeCoches.com te acompa\u00f1amos a lo largo de todo el proceso en la elecci\u00f3n de tu nuevo veh\u00edculo. Te asesoramos y ayudamos a&#8230;<\/p>\n","protected":false},"author":1,"featured_media":0,"parent":0,"menu_order":0,"comment_status":"closed","ping_status":"closed","template":"","meta":[],"_links":{"self":[{"href":"https:\/\/www.ofertadecoches.com\/segunda-mano\/wp-json\/wp\/v2\/pages\/2205"}],"collection":[{"href":"https:\/\/www.ofertadecoches.com\/segunda-mano\/wp-json\/wp\/v2\/pages"}],"about":[{"href":"https:\/\/www.ofertadecoches.com\/segunda-mano\/wp-json\/wp\/v2\/types\/page"}],"author":[{"embeddable":true,"href":"https:\/\/www.ofertadecoches.com\/segunda-mano\/wp-json\/wp\/v2\/users\/1"}],"replies":[{"embeddable":true,"href":"https:\/\/www.ofertadecoches.com\/segunda-mano\/wp-json\/wp\/v2\/comments?post=2205"}],"version-history":[{"count":67,"href":"https:\/\/www.ofertadecoches.com\/segunda-mano\/wp-json\/wp\/v2\/pages\/2205\/revisions"}],"predecessor-version":[{"id":870708,"href":"https:\/\/www.ofertadecoches.com\/segunda-mano\/wp-json\/wp\/v2\/pages\/2205\/revisions\/870708"}],"wp:attachment":[{"href":"https:\/\/www.ofertadecoches.com\/segunda-mano\/wp-json\/wp\/v2\/media?parent=2205"}],"curies":[{"name":"wp","href":"https:\/\/api.w.org\/{rel}","templated":true}]}}